 z?
2
Let s(z) = -z**3 + 3*z**2 - 4*z + 12. Let a be s(3). Suppose 5*v = h - 9, 3*h - 5*v - 35 - 22 = a. What is the tens digit of h?
2
Suppose 8*b - 26951 = -4927. What is the hundreds digit of b?
7
Let t(c) = -20*c**3 - c**2 - c - 1. Let w(a) = a + 6. Let k be w(-6). Let p be (-2 - k)/(3 + -1). What is the tens digit of t(p)?
1
What is the hundreds digit of (2/14 - 7872/(-21)) + 5?
3
Suppose -h - 162 = 3*l, -4*l - 4*h = 202 + 14. Let k = l + 92. What is the units digit of k?
8
Suppose -2176 = -v + y + 1715, 2*y + 3887 = v. What is the units digit of v?
5
Let d = -2007 - -4268. What is the thousands digit of d?
2
Let i(d) = -16 - 25*d - 11*d + 70*d**3 - 69*d**3 + 14*d**2. What is the tens digit of i(-16)?
4
Let o(s) be the third derivative of -s**7/840 - 13*s**6/720 - s**5/60 - 7*s**2. Let m(i) be the third derivative of o(i). What is the units digit of m(-8)?
5
Let j be (2 - (-2 - -7)) + 7. What is the units digit of j - 254/(4/(-2))?
1
Let a(z) = -2*z**3 - 6*z**2 - 7*z - 52. What is the hundreds digit of a(-10)?
4
Let m be (-372)/(-9) + 8/12. Let j = 96 - m. What is the tens digit of j?
5
Let m be 5*(-16)/60*9. Let z(b) = -b**3 - 12*b**2 + b + 13. Let h be z(m). What is the units digit of h/(-3 - -4) + 44?
5
Suppose -5*q + 244 = 3*a, -32 = 2*q - 3*a - 117. Let o = q - 67. Let f = o - -32. What is the tens digit of f?
1
What is the thousands digit of (-1)/((-2)/12)*762 + 3?
4
Let f = 238 - -62. What is the hundreds digit of f?
3
Suppose -12 = 30*r - 27*r, 0 = 4*a + 3*r - 4344. What is the hundreds digit of a?
0
Suppose -2*z - 4*t + 104 + 3172 = 0, 2*t + 4 = 0. What is the units digit of z?
2
Let s be -4*(5 - 4) - -5. Let v(i) = 308*i**3 - 1. What is the tens digit of v(s)?
0
Let b be 62 - 6*2/(-4). Suppose 5*t = b + 135. Suppose 2*q + 2*q = t. What is the tens digit of q?
1
Suppose -5*r + 0 - 5 = 0. Let i be (r + -4)*(-63)/45. Suppose -4*t + 8 = -3*q, 4*q + 1 - i = 2*t. What is the units digit of q?
4
Let y(p) = 44*p**2 + 3*p - 6. What is the units digit of y(4)?
0
What is the units digit of (214/(-6))/((9/3)/(-9))?
7
Let v(r) be the second derivative of r**3/6 - 11*r**2/2 - 5*r. Let c be v(5). What is the tens digit of 87/c*(-2)/1?
2
Let n = 39 + -7. Let c = n - 27. What is the units digit of c?
5
Let g be (6 - 2)/((-1)/(-2)). Suppose -3*b + g*b - 15 = 0. Suppose -2*w + 2*x = 3*x - 58, -3*w = -b*x - 105. What is the tens digit of w?
3
Suppose 47*u - 3422 = -2*z + 52*u, -4*u = 0. What is the hundreds digit of z?
7
Let v(n) = 299*n + 20. What is the hundreds digit of v(1)?
3
Suppose 5 = 5*s - 5. Suppose -y - b = 3, -s*b + 8 = -y - 4*b. Suppose 3*z + 230 = 5*p + y*z, 0 = 4*p - 5*z - 184. What is the units digit of p?
6
Let n(w) be the third derivative of w**4/24 - w**3/3 - 6*w**2. Let j be n(6). Suppose 140 - 56 = j*m. What is the units digit of m?
1
Let f(z) = 1 + 1 + 30*z**2 - 8 + z + 2. What is the units digit of f(-2)?
4
Suppose 3*b = u + 93, -u + 3*b = -2*u - 99. What is the tens digit of (3520/u)/((-1)/3)?
1
Suppose 0 = 26*a + 2026 - 6914. What is the hundreds digit of a?
1
Let p = -42 + 66. Let h = 6 + p. What is the tens digit of h/(-165) + 233/11?
2
Let p = 99 - 94. Let h(l) = l**3 + 5*l**2 - 8*l - 7. What is the units digit of h(p)?
3
Let s(v) = -v**3 + 2*v**2 + 5*v - 3. Let w be s(3). Suppose -2*n = r - 218, 5*r - 326 = -w*n + 3*r. What is the tens digit of n?
1
Let w be -4 + 12/1 - 4. Suppose -16 + 44 = w*i. Suppose i*f - 57 - 461 = 0. What is the units digit of f?
4
Suppose -4*n = -2*p - 1312, 8*n = 3*n - 5*p + 1655. What is the tens digit of n?
2
Let z = 1025 + -494. What is the units digit of z?
1
Let h = -29 - -40. Suppose -8*j + h + 101 = 0. What is the tens digit of j/(-49) - (-508)/14?
3
Let k(n) be the second derivative of -n**5/20 - n**4 - 11*n**3/6 + n**2/2 - 12*n. What is the units digit of k(-11)?
1
Let l = -600 - -889. What is the units digit of l?
9
Let i = -2 + 0. Let z(f) = -95*f**2 - 23*f + 11. Let j(b) = -33*b**2 - 8*b + 4. Let u(n) = 17*j(n) - 6*z(n). What is the tens digit of u(i)?
3
Suppose 7*k - 15 = 2*k. Let s = 45 - k. What is the units digit of s?
2
Let t be (1/4)/((-3)/(-564)). Suppose 2*h = 5*b + 58, 5*h = b + t + 75. What is the tens digit of h?
2
Let h = 136 + -76. What is the units digit of -1 + h - (-15)/(-5)?
6
Let y = -445 + 462. What is the units digit of y?
7
Suppose 1108 = 452*q - 451*q. What is the units digit of q?
8
Let t = 1 + 3. Let g(l) = -6*l**2 + 2*l + 2. Let o(f) = 5*f**2 - 3*f - 2. Let a(k) = t*o(k) + 3*g(k). What is the tens digit of a(7)?
5
Suppose -5*p + 4*c = -4718, -20*p + 23*p = -c + 2841. What is the units digit of p?
6
What is the units digit of 29/(-9) + 3 - (-14370)/27?
2
Let k(y) = -y**2 + 6*y + 9. Let t be k(7). Suppose 0 = w - 43 - t. Let q = w + -26. What is the units digit of q?
9
Let b be (-4 - -2) + (30 - 2). Let u(f) = f**3 + 5*f**2 + 3*f + 1. Let p be u(-5). Let c = p + b. What is the units digit of c?
2
Suppose 5*w + 0*w - 1060 = 0. Let g be 4/(-14) - w/(-7). Let v = g + -20. What is the tens digit of v?
1
Let j(t) = t**2 - 33*t + 155. What is the hundreds digit of j(-27)?
7
Let o = -925 - -5742. What is the tens digit of o?
1
Let b be (-21)/(-9) + -2 - (-28)/(-12). What is the units digit of 5 + 4*(1 + b)?
1
Let l be 9*(-161)/(-7)*(-1)/(-3). Let o = 82 - l. What is the tens digit of o?
1
Suppose 3*q - 42 = 10*q. What is the tens digit of 9/(27/q) + 39?
3
Let v = 38 - 25. Suppose -10*i + 8*i + 6 = 0. Suppose -i*k = v - 37. What is the units digit of k?
8
Suppose 15477 = 8*g + 25*g. What is the hundreds digit of g?
4
Let o be (1 + 4)/((-3)/(-3)). Suppose -4*j - 24 = d - 211, o*d = 3*j - 123. What is the tens digit of j?
4
What is the thousands digit of 7*302*(-2)/(-4)?
1
Let y be 5 + 184 + (0 - 0). Suppose q = -4*v - 0*q + 146, 5*v - 2*q - y = 0. Suppose v = 2*m - 19. What is the units digit of m?
8
Suppose 4*o - 22 = -3*q, 2*q + 1 + 3 = 2*o. Suppose -o*u - 3*t + 476 = 0, -2*u = -7*t + 4*t - 238. What is the tens digit of u?
1
Let l(f) = 68*f - 74. What is the hundreds digit of l(4)?
1
Let v(t) = -24*t**2 + 7*t - 18*t**2 - 2 + 43*t**2. What is the tens digit of v(5)?
5
Suppose 30*y - 20 = 34*y. What is the tens digit of (-16261)/(-77) - y - (-4)/(-22)?
1
Let p be -228*(-11 - -3)/4. What is the tens digit of (-5)/((-100)/(-12)) + p/10?
4
Let n(q) = 3*q - 11. Suppose 3*x - 36 = -4*z + 2*x, -4*z + 12 = -5*x. What is the units digit of n(z)?
3
Suppose 2*g = 2*h - 0*g - 4, 2*g + 13 = 5*h. Suppose 192 = h*s - 123. What is the tens digit of s?
0
Let f(y) = -3*y - 1. Let b be f(5). Let r = b + 21. Suppose 0 = -2*c - 2*c + r*u + 11, -c = -u - 4. What is the units digit of c?
9
Let l(d) = -d**3 - 8*d**2 - 5*d - 1. Let b be l(-5). Let v = b + 117. What is the tens digit of v?
6
Let d be (3/9)/(1 + 11/(-12)). Suppose -d*c - 2*f = -179 - 391, 2*f = -c + 141. What is the units digit of c?
3
Let c = 507 - 277. What is the units digit of c?
0
Suppose -l + 1118 = 3*w, -5630 = 3*l - 8*l + 5*w. What is the tens digit of l?
2
Let k(c) = -2 + 6 + 18*c + c**3 + 0 - 11*c**2. Let i be k(9). Suppose -p = -5*f + 245, 3*p - 155 = -i*f + 22. What is the units digit of f?
8
Let g = 9 - 12. What is the units digit of 82 + (-2)/(g/((-9)/(-2)))?
5
What is the tens digit of (-65)/52 + 35406/24?
7
Suppose -p + 273 = 2*u - 1136, -4*p = -5*u + 3555. What is the hundreds digit of u?
7
Let m(v) = 4*v**2 + 16*v - 2. Let p be m(-6). Suppose 3*n = s + p + 115, -2*n + 99 = s. What is the tens digit of n?
5
Suppose -4 - 676 = -g. What is the tens digit of g?
8
What is the units digit of 1146*9/54 + (1 - -5)?
7
Let y(q) = -q**2 - 7*q + 2. Let z(s) = -s**2 - 8*s + 2. Let h be -5 + 2 + (10 - 4). Let p(c) = h*y(c) - 2*z(c). What is the units digit of p(-3)?
8
Suppose 6*z - 125 = z. Let g = 15 - z. Let x = 6 - g. What is the tens digit of x?
1
Let k be -5*(3 + 1)*1/(-4). Suppose -1067 = -6*m - k*m. What is the units digit of m?
7
Let v = 14 + -16. What is the units digit of -7*(v + 1) - -2?
9
Let m be (-12)/(-42) - 206/(-14). Let h = 27 - m. Suppose -3*w = -w - h. What is the units digit of w?
6
Suppose -41*t + 5*a = -40*t - 897, -a = 4*t - 3609. What is the hundreds digit of t?
9
Let p = 27 + -15. Suppose 0 = -16*k + p*k + 164. What is the units digit of k?
1
Let h = 116 - 112. Suppose 0 = 2*n - 3*n - i + 250